{"id":670,"date":"2017-04-16T12:41:04","date_gmt":"2017-04-16T12:41:04","guid":{"rendered":"http:\/\/www.catchline.fi\/proav\/tuote\/datavideo-lahi-projektori\/"},"modified":"2017-07-14T12:31:02","modified_gmt":"2017-07-14T12:31:02","slug":"datavideo-lahi-projektori","status":"publish","type":"product","link":"https:\/\/www.proav.fi\/eng\/product\/datavideo-lahi-projektori\/","title":{"rendered":"Data\/Video l\u00e4hi- projektori"},"content":{"rendered":"<p>Nec peiliprojektori, l\u00e4hiprojisointi, XGA , DLP,2000 ansilumenia, 2 m kuva 60 cm p\u00e4\u00e4st\u00e4 sein\u00e4st\u00e4<\/p>\n","protected":false},"excerpt":{"rendered":"<p>Nec peiliprojektori, l\u00e4hiprojisointi, XGA , DLP,2000 ansilumenia, 2 m kuva 60 cm p\u00e4\u00e4st\u00e4 sein\u00e4st\u00e4<\/p>\n","protected":false},"featured_media":671,"comment_status":"open","ping_status":"closed","template":"","meta":{"_et_pb_use_builder":"","_et_pb_old_content":"","_et_gb_content_width":""},"product_cat":[56],"product_tag":[],"class_list":{"0":"post-670","1":"product","2":"type-product","3":"status-publish","4":"has-post-thumbnail","6":"product_cat-videoprojectors","8":"first","9":"instock","10":"shipping-taxable","11":"purchasable","12":"product-type-simple"},"bundle_layout":"","bundled_by":[],"bundled_items":[],"_links":{"self":[{"href":"https:\/\/www.proav.fi\/eng\/wp-json\/wp\/v2\/product\/670","targetHints":{"allow":["GET"]}}],"collection":[{"href":"https:\/\/www.proav.fi\/eng\/wp-json\/wp\/v2\/product"}],"about":[{"href":"https:\/\/www.proav.fi\/eng\/wp-json\/wp\/v2\/types\/product"}],"replies":[{"embeddable":true,"href":"https:\/\/www.proav.fi\/eng\/wp-json\/wp\/v2\/comments?post=670"}],"wp:featuredmedia":[{"embeddable":true,"href":"https:\/\/www.proav.fi\/eng\/wp-json\/wp\/v2\/media\/671"}],"wp:attachment":[{"href":"https:\/\/www.proav.fi\/eng\/wp-json\/wp\/v2\/media?parent=670"}],"wp:term":[{"taxonomy":"product_cat","embeddable":true,"href":"https:\/\/www.proav.fi\/eng\/wp-json\/wp\/v2\/product_cat?post=670"},{"taxonomy":"product_tag","embeddable":true,"href":"https:\/\/www.proav.fi\/eng\/wp-json\/wp\/v2\/product_tag?post=670"}],"curies":[{"name":"wp","href":"https:\/\/api.w.org\/{rel}","templated":true}]}}