{"id":61,"date":"2017-04-17T09:12:29","date_gmt":"2017-04-17T09:12:29","guid":{"rendered":"http:\/\/www.catchline.fi\/proav\/tuote\/datavideoprojektori-2600-ansilumen-xga-2\/"},"modified":"2017-09-01T09:59:16","modified_gmt":"2017-09-01T09:59:16","slug":"datavideoprojektori-2600-ansilumen-xga-2","status":"publish","type":"product","link":"https:\/\/www.proav.fi\/eng\/product\/datavideoprojektori-2600-ansilumen-xga-2\/","title":{"rendered":"Data\/videoprojektori, 2600 Ansilumen, XGA &#8211; yhteensopiva. Kantolaukku, kaukos\u00e4\u00e4din ,VGA tai HDMI kaapeli sis\u00e4ltyy."},"content":{"rendered":"<p>Perus tilaisuuksiin kiva ja n\u00e4pp\u00e4r\u00e4 projektori ,Hinnat alv 0%<\/p>\n","protected":false},"excerpt":{"rendered":"<p><a href=\"https:\/\/www.proav.fi\/eng\/tuote\/datavideoprojektori-2600-ansilumen-xga-2\/\"><em>Lis\u00e4tietoja\u00a0tuotteesta.\u00a0<\/em><\/a><\/p>\n","protected":false},"featured_media":532,"comment_status":"open","ping_status":"closed","template":"","meta":{"_et_pb_use_builder":"","_et_pb_old_content":"","_et_gb_content_width":""},"product_cat":[56],"product_tag":[],"class_list":{"0":"post-61","1":"product","2":"type-product","3":"status-publish","4":"has-post-thumbnail","6":"product_cat-videoprojectors","8":"first","9":"instock","10":"shipping-taxable","11":"purchasable","12":"product-type-simple"},"bundle_layout":"","bundled_by":["340"],"bundled_items":[],"_links":{"self":[{"href":"https:\/\/www.proav.fi\/eng\/wp-json\/wp\/v2\/product\/61","targetHints":{"allow":["GET"]}}],"collection":[{"href":"https:\/\/www.proav.fi\/eng\/wp-json\/wp\/v2\/product"}],"about":[{"href":"https:\/\/www.proav.fi\/eng\/wp-json\/wp\/v2\/types\/product"}],"replies":[{"embeddable":true,"href":"https:\/\/www.proav.fi\/eng\/wp-json\/wp\/v2\/comments?post=61"}],"wp:featuredmedia":[{"embeddable":true,"href":"https:\/\/www.proav.fi\/eng\/wp-json\/wp\/v2\/media\/532"}],"wp:attachment":[{"href":"https:\/\/www.proav.fi\/eng\/wp-json\/wp\/v2\/media?parent=61"}],"wp:term":[{"taxonomy":"product_cat","embeddable":true,"href":"https:\/\/www.proav.fi\/eng\/wp-json\/wp\/v2\/product_cat?post=61"},{"taxonomy":"product_tag","embeddable":true,"href":"https:\/\/www.proav.fi\/eng\/wp-json\/wp\/v2\/product_tag?post=61"}],"curies":[{"name":"wp","href":"https:\/\/api.w.org\/{rel}","templated":true}]}}