{"id":589,"date":"2017-04-02T08:20:08","date_gmt":"2017-04-02T08:20:08","guid":{"rendered":"http:\/\/www.catchline.fi\/proav\/tuote\/4-x-55-naytto-videoseina\/"},"modified":"2017-07-13T12:37:50","modified_gmt":"2017-07-13T12:37:50","slug":"4-x-55-naytto-videoseina","status":"publish","type":"product","link":"https:\/\/www.proav.fi\/eng\/product\/4-x-55-naytto-videoseina\/","title":{"rendered":"4 x 55&#8243; n\u00e4ytt\u00f6 videosein\u00e4"},"content":{"rendered":"<p>L\u00e4hes saumaton videosein\u00e4, huppu laatu ,kirkas kuva, sis\u00e4lt\u00e4\u00e4 jalustan, Hinnat Alv 0%<\/p>\n","protected":false},"excerpt":{"rendered":"<p>L\u00e4hes saumaton videosein\u00e4, huppu laatu ,kirkas kuva, sis\u00e4lt\u00e4\u00e4 jalustan, Hinnat Alv 0%<\/p>\n","protected":false},"featured_media":590,"comment_status":"open","ping_status":"closed","template":"","meta":{"_et_pb_use_builder":"","_et_pb_old_content":"","_et_gb_content_width":""},"product_cat":[50],"product_tag":[],"class_list":{"0":"post-589","1":"product","2":"type-product","3":"status-publish","4":"has-post-thumbnail","6":"product_cat-screens","8":"first","9":"instock","10":"shipping-taxable","11":"purchasable","12":"product-type-simple"},"bundle_layout":"","bundled_by":[],"bundled_items":[],"_links":{"self":[{"href":"https:\/\/www.proav.fi\/eng\/wp-json\/wp\/v2\/product\/589","targetHints":{"allow":["GET"]}}],"collection":[{"href":"https:\/\/www.proav.fi\/eng\/wp-json\/wp\/v2\/product"}],"about":[{"href":"https:\/\/www.proav.fi\/eng\/wp-json\/wp\/v2\/types\/product"}],"replies":[{"embeddable":true,"href":"https:\/\/www.proav.fi\/eng\/wp-json\/wp\/v2\/comments?post=589"}],"wp:featuredmedia":[{"embeddable":true,"href":"https:\/\/www.proav.fi\/eng\/wp-json\/wp\/v2\/media\/590"}],"wp:attachment":[{"href":"https:\/\/www.proav.fi\/eng\/wp-json\/wp\/v2\/media?parent=589"}],"wp:term":[{"taxonomy":"product_cat","embeddable":true,"href":"https:\/\/www.proav.fi\/eng\/wp-json\/wp\/v2\/product_cat?post=589"},{"taxonomy":"product_tag","embeddable":true,"href":"https:\/\/www.proav.fi\/eng\/wp-json\/wp\/v2\/product_tag?post=589"}],"curies":[{"name":"wp","href":"https:\/\/api.w.org\/{rel}","templated":true}]}}